vert -41253540 (base 8) to base 3.
-121102222011221
1bb4127 (base 13) to base 12
3113a41
10a8046 (base 12) to base 8
14170066
What is 1044423412 (base 5) in base 15?
314072
What is 2301410031 (base 5) in base 16?
4deccb
106532 (base 9) to base 5
4020412
-164532 (base 8) to base 9
-100845
-277741 (base 11) to base 7
-3460430
110001011111010011010 (base 2) to base 5
403343113
-101101001100111011011110 (base 2) to base 3
-211022000101002
What is -3c4197 (base 13) in base 6?
-51225340
-ab5a9 (base 15) to base 4
-2010332103
7c2a6 (base 13) to base 10
226765
Convert -1202122001200 (base 3) to base 8.
-3447103
-1210210100210 (base 3) to base 12
-3a3919
Convert 110471 (base 11) to base 13.
622c0
-345225 (base 6) to base 2
-111001111110001
Convert 2201001212012 (base 3) to base 7.
15140021
-2202111212022 (base 3) to base 15
-1de868
2000220021012 (base 3) to base 4
10013303330
Convert -7053 (base 12) to base 16.
-2f7f
Convert -7917416 (base 11) to base 13.
-2b4a48a
Convert -2340453 (base 7) to base 8.
-1101205
What is 3783725 (base 10) in base 2?
1110011011110000101101
What is 102211001120 (base 3) in base 16?
38c91
What is 1033002111 (base 4) in base 14?
85d9b
Convert -2331230 (base 5) to base 3.
-2011120010
What is 700821 (base 10) in base 5?
134411241
What is -1241a5 (base 16) in base 12?
-498485
-34757 (base 9) to base 11
-16498
What is -101102012202210 (base 3) in base 13?
-11ba532
Convert -86132 (base 12) to base 2.
-101011000100110110
Convert -201011001 (base 3) to base 11.
-a541
Convert -19aa09 (base 11) to base 16.
-4b095
4423023433 (base 5) to base 4
210202311130
Convert -285255 (base 10) to base 7.
-2265435
Convert 6a397 (base 11) to base 2.
11000110011111001
-2222020121002 (base 3) to base 5
-401020243
Convert 102020554 (base 6) to base 5.
423310414
110000010111000111 (base 2) to base 9
331646
What is -1e98ee (base 15) in base 9?
-2736288
Convert -10110000000110011 (base 2) to base 7.
-523603
Convert ec4b9 (base 16) to base 6.
32424505
-526201 (base 7) to base 12
-447aa
-20044000 (base 5) to base 11
-a9713
415077 (base 8) to base 15
2ac61
What is -2233033020 (base 4) in base 9?
-1313530
1111022022 (base 5) to base 4
21103131210
What is 12324210 (base 5) in base 6?
2330043
What is 13245201 (base 6) in base 2?
1101011110111000001
10349480 (base 10) to base 6
1005454132
What is -3839199 (base 11) in base 6?
-354421422
What is -24163461 (base 7) in base 8?
-10147423
What is -120121120012 (base 3) in base 14?
-7ddd5
-36555252 (base 8) to base 6
-444322510
443586 (base 10) to base 6
13301350
What is -120131302002 (base 4) in base 14?
-bcd390
What is -495a6 (base 14) in base 16?
-2bd1e
Convert -1101101101011011010100 (base 2) to base 12.
-12539b0
Convert -b794 (base 13) to base 10.
-25471
What is -3a8a69 (base 12) in base 8?
-3544761
-111101100111100000101 (base 2) to base 4
-13230330011
-9202a9 (base 11) to base 5
-334312402
-101001011000110001000 (base 2) to base 4
-11023012020
What is 100101110000100010 (base 2) in base 13?
5551a
c6960 (base 15) to base 13
190902
-423461 (base 11) to base 9
-1243066
22261223 (base 7) to base 11
10a975a
Convert 1579e (base 16) to base 15.
1b0e6
-1002321220 (base 4) to base 5
-32232044
Convert -867748 (base 13) to base 8.
-14030474
Convert -1001011110000100011101 (base 2) to base 13.
-68bc17
Convert -1e65b5 (base 16) to base 15.
-2953cc
Convert -2b9a4 (base 14) to base 5.
-11441144
-10112302212 (base 4) to base 3
-2011000102120
-199a0 (base 11) to base 4
-12302223
Convert -20002021 (base 5) to base 14.
-41075
What is -a64a7 (base 11) in base 9?
-255548
-32833 (base 13) to base 2
-10110010101001111
-10011100101001100010 (base 2) to base 4
-2130221202
What is 1202012112 (base 3) in base 16?
866c
What is -a3303c (base 13) in base 4?
-32201001013
Convert -313140 (base 10) to base 11.
-1a42a3
Convert 606a7 (base 11) to base 16.
15a71
-a13723 (base 11) to base 4
-12031331000
13aa (base 14) to base 3
11202222
What is 4554196 (base 10) in base 9?
8511157
-415dd9 (base 16) to base 4
-100111313121
What is -2695 (base 15) in base 8?
-20060
What is -a39c8b (base 14) in base 5?
-2403130114
-10200063 (base 7) to base 3
-1121112212020
What is 100011101010010000011 (base 2) in base 8?
4352203
What is 10b (base 15) in base 14?
12c
What is 17ab854 (base 13) in base 5?
3440041213
Convert bc1e36 (base 15) to base 6.
520110453
28251 (base 13) to base 9
124016
Convert 22321021310 (base 4) to base 13.
78c98c
What is 73321 (base 13) in base 7?
1521436
What is -2025154 (base 6) in base 11?
-66a11
What is -10210012012101 (base 3) in base 15?
-29aec1
1136134 (base 11) to base 7
22604144
Convert -6b0c67 (base 15) to base 6.
-301352454
Convert a548e (base 15) to base 3.
222122000022
What is 110000010110 (base 4) in base 16?
500114
What is 202200102212002 (base 3) in base 10?
10991756
7c0a11 (base 13) to base 12
b9b4a7
Convert -121101031 (base 4) to base 16.
-1944d
What is 4053466 (base 7) in base 4?
1312020202
What is cb0993 (base 13) in base 9?
8872025
Convert 12304301132 (base 5) to base 11.
8468501
What is 33230130112 (base 4) in base 2?
1111101100011100010110
5166776 (base 9) to base 8
12417666
Convert 83839b (base 13) to base 9.
5705050
-181678 (base 9) to base 2
-11011100010110111
Convert 2aa4a (base 15) to base 10.
137320
30025120 (base 6) to base 5
203443103
Convert -561754 (base 8) to base 6.
-4020540
-26240025 (base 7) to base 16
-249039
-d73 (base 16) to base 10
-3443
What is 3a78045 (base 11) in base 2?
11010110110010110101001
3511041 (base 8) to base 5
221024123
Convert -4042334 (base 6) to base 14.
-5016a
-23042410 (base 7) to base 14
-3a49b0
13112323230 (base 4) to base 2
111010110111011101100
-4a717b (base 13) to base 12
-721994
Convert -2c9c7 (base 15) to base 3.
-21022110221
Convert 1012011010011 (base 3) to base 12.
2662a1
What is 14245342 (base 7) in base 14?
26c0c9
-234441222 (base 6) to base 5
-2113003004
Convert 1023031302 (base 4) to base 11.
1a0515
What is 48153 (base 12) in base 9?
157020
What is -22110112 (base 5) in base 3?
-100201101112
What is 35709 (base 13) in base 14?
27940
Convert -213023403 (base 5) to base 6.
-31243334
-1215123115 (base 6) to base 3
-222021022011202
Convert ee3cb (base 15) to base 9.
1373202
Convert -2734011 (base 10) to base 8.
-12333673
Convert 120416 (base 8) to base 12.
1ba3a
What is 1181079 (base 14) in base 16?
7fd4c3
What is -200220131 (base 4) in base 2?
-100000101000011101
115550121 (base 6) to base 7
25011325
What is -11012112200 (base 3) in base 7?
-463215
What is -19c7d13 (base 14) in base 3?
-220011222121120
2120231121 (base 4) to base 9
1153016
What is 2011100303 (base 4) in base 15?
abae8
What is 11d71b (base 15) in base 16?
d0db4
4115264 (base 10) to base 8
17545500
What is -100100000101000000101 (base 2) in base 11?
-73823a
-387525 (base 12) to base 8
-3417055
50b700 (base 13) to base 14
36db15
2441a2 (base 13) to base 6
30320515
What is -187280 (base 9) in base 15?
-24969
Convert 5419a35 (base 11) to base 3.
122221011112102
Convert 14343 (base 5) to base 6.
5355
Convert 573583 (base 9) to base 12.
146b93
-120133020 (base 4) to base 8
-303710
Convert -230213122 (base 5) to base 6.
-33531412
What is -888432 (base 12) in base 3?
-11002022000202
-1072873 (base 9) to base 13
-173a30
What is -1c20d (base 15) in base 6?
-1544004
Convert -a6b5e4 (base 16) to base 13.
-2356c22
Convert 2427b36 (base 13) to base 8.
52614613
What is -6744c (base 15) in base 12?
-13a023
-100202022120 (base 3) to base 15
-3bd23
What is 2b7a3 (base 14) in base 10?
108531
Convert -113331213 (base 4) to base 10.
-98151
What is 4169d (base 14) in base 8?
464033
2006a95 (base 11) to base 4
31203102212
6622a4 (base 13) to base 5
1103411430
-2a05 (base 12) to base 5
-124101
What is 1321 (base 12) in base 5?
32220
What is -136251 (base 13) in base 11?
-2a15a4
-11430100 (base 7) to base 16
-f7f78
Convert 1985504 (base 11) to base 16.
330c04
2111212121221 (base 3) to base 5
320222420
What is -20312422 (base 5) in base 7?
-1262515
-26077730 (base 8) to base 14
-aad944
What is -8242420 (base 9) in base 13?
-bac894
What is -1550404 (base 6) in base 15?
-1c494
Convert -2684b (base 13) to base 3.
-10122101021
18c779 (base 13) to base 2
10011001001011100100
What is -2020000200 (base 3) in base 7?
-241401
Convert 4